7*y. What is the highest common divisor of y and 34?
34
Let r(k) = -7*k + 38. Let j be r(-6). Let z = 105 + -116. Let q = z + 31. What is the highest common divisor of q and j?
20
Let a = 15920 + -15519. What is the greatest common divisor of 5 and a?
1
Let d(g) = -g - 14. Let b be d(-25). Suppose 0 = -106*i + 94*i + 3300. Calculate the greatest common divisor of b and i.
11
Let z be (65/(-10) + 7)/(2/132). Suppose -z = -4*n + 207. Let g(y) = y**3 - 7*y**2 + 8*y - 6. Let v be g(6). Calculate the greatest common divisor of n and v.
6
Let f be ((-334)/(-10))/((-10)/(-50)). Let z = -145 + f. What is the greatest common divisor of z and 198?
22
Let x be 2*(24/3)/1. Suppose 323 + 445 = 8*l. What is the highest common factor of x and l?
16
Suppose 1833 = 4*z + 43*z. Suppose -l = l + 4. Let f be 2 + (189 - l) - -2. What is the highest common factor of z and f?
39
Let b(h) = -38*h + 14. Let d be (5 - 6)*1*(0 - -1). Let g be b(d). What is the greatest common divisor of 8 and g?
4
Let d = 233 - 187. Suppose 42*m - d*m = -468. Calculate the highest common factor of m and 78.
39
Let l(r) = 2*r**3 - 15*r**2 + 21*r - 13. Let j be l(6). Suppose -4*f + 272 = 5*a - 0*f, -2*a - j*f = -102. Calculate the greatest common factor of 24 and a.
8
Let a(j) = -j**2 + 29*j - 80. Let t be a(25). Calculate the highest common factor of 1760 and t.
20
Suppose -4*j - 135 = -5*a, 5*a + 0*j - 135 = -5*j. Let g = 33 - 53. Let q be 131 - (8/g - 18/5). What is the highest common divisor of q and a?
27
Let b = -833 + 1485. Suppose u + 2 - 6 = 0, -j = -5*u - b. What is the greatest common factor of j and 7?
7
Let r be 5/(35/(-6))*(-438 + 11). Let x be r/24*(0 + 4). Let k = -19 + x. What is the highest common factor of k and 6?
6
Let w(n) = 4*n - 21. Let k be w(6). Suppose 2*s - 2 = 0, i + k*s - 8 - 19 = 0. What is the greatest common divisor of 132 and i?
12
Let s = 242 - 238. Suppose -6*t + s = -10*t, 4*t - 108 = -4*q. What is the greatest common divisor of 12 and q?
4
Let d = 396 + -378. Suppose -6*g = -4*g - d. Calculate the greatest common divisor of g and 279.
9
Let w = 23 + -20. Let j be -12*((-3)/(-1))/6. Let g be (1*(-30)/(-3))/((-4)/j). Calculate the greatest common divisor of w and g.
3
Suppose 4*z = 18 + 6, z + 346266 = 12*p. Calculate the greatest common divisor of p and 8.
8
Let i be (10488/30 - -4)*((-615)/(-6) + -5). Calculate the greatest common divisor of i and 204.
204
Suppose 0 = -2*a - 4*c + 3362, 2*a - 4*c - 1430 = 1916. Calculate the greatest common divisor of a and 301.
43
Let i(t) = -8*t + 597. Let v be i(39). What is the greatest common factor of v and 15?
15
Let u = 167 - 71. Let b = 101 - u. What is the greatest common factor of b and 5?
5
Let j be 16 - (-30 + 9 - -15). Let c be 1/(-3 - (-597)/198). Calculate the highest common factor of c and j.
22
Let p be (-6 + 7)/((-1)/9*-1). Let s be (75*p)/5*(0 + 2). Calculate the highest common factor of s and 20.
10
Let j(h) = 8*h**3 - h. Let v = 2 - 0. Let x be j(v). Suppose 37*g - 54*g = -527. What is the greatest common factor of g and x?
31
Let x = -243 + 246. Let w(t) = -t**3 - 2*t**2 - 2. Let k be w(-4). Let c = k - x. Calculate the greatest common factor of c and 162.
27
Suppose 4*m - 32 = 44. Let g(f) = 82*f + 37. Let p be g(m). Suppose -2*w + 3*u + 638 = 0, -w + 6*w - 5*u = p. Calculate the greatest common factor of 29 and w.
29
Suppose 29057 + 12552 = 260*z + 529. What is the highest common factor of z and 1975?
79
Let o be -5 + 7/(28/20). Suppose o = 5*d - 129 - 41. Let k(t) = 10*t + 4. Let m be k(3). Calculate the greatest common factor of d and m.
34
Let h(u) = -u**2 + 3*u - 1. Suppose 11*z - 8 = 25. Let a be h(z). Let x be a + -2 + -2 + 17. What is the greatest common factor of x and 24?
12
Let g(z) = -2*z**2 - 27*z + z**3 + 26*z + 12 - 18. Let w be g(4). Suppose -t + 704 = 4*m - 5*t, 5*t = -4*m + 704. What is the highest common factor of w and m?
22
Let p(x) = 2*x**3 + 91*x**2 + 56*x + 623. Let c be p(-45). What is the highest common divisor of c and 3136?
64
Let y(k) = -3*k**2 - 7*k + 4. Let h be y(5). Let n be 0 - -1 - (h - -1). Let b be 1 + 1 - n/(-1). What is the greatest common factor of b and 12?
12
Suppose 389*z = 307*z + 656. What is the greatest common factor of z and 16504?
8
Suppose 0 = -5*v + 3*y + 5900, -3*y + 4720 = 4*v + 2*y. Suppose 48*d + v = 52*d. Calculate the greatest common factor of d and 59.
59
Suppose -4*z + 0*r - 2*r = -30, -4*z - 3*r = -25. Suppose -8 = -2*p + z. Suppose -2*m + p = 3*n, -m - n = n - 2. What is the highest common factor of m and 96?
12
Suppose 11 = -20*x + 51. Suppose r = x*p + p - 219, -4*p = 2*r - 282. What is the greatest common factor of p and 540?
36
Let f(l) = -10*l - 3 - 4 + 2 + l**2. Let c be f(5). Let u be (-1032)/c + (-9)/(-15). Calculate the greatest common divisor of 105 and u.
35
Let w be (-3744)/(-34) + (453/51 - 9). What is the highest common divisor of w and 40?
10
Let d(q) = q**3 + 12*q**2 + 20*q + 2. Let y be d(-10). Let z be 6/y + (23 - -46). Suppose z = v - 96. Calculate the highest common divisor of 24 and v.
24
Let f(z) = -287*z - 1680. Let i be f(-6). Calculate the highest common divisor of 1946 and i.
14
Let q be (-2 - -3)/(7/714). Let k = -135 - -203. Calculate the greatest common divisor of q and k.
34
Let a = -748 - -739. Let c(d) = 2*d**2 - 18*d - 58. Let y be c(a). Calculate the greatest common divisor of y and 28.
14
Let a(p) = -196*p + 1394. Let w be a(5). What is the greatest common divisor of w and 920?
46
Let t(c) = 4*c + 5*c**2 + 19*c - 4*c**2 + 4 - 2*c. Let m be t(-22). What is the highest common divisor of m and 26?
26
Suppose 0 = 4*w - 5*h - 104, 0 = 5*w + 913*h - 914*h - 172. Calculate the greatest common factor of w and 2682.
18
Suppose -989 = 18*y + 1927. Let t = y + 165. What is the highest common factor of t and 18?
3
Let c(m) = m**2 + 49*m - 438. Let p be c(-57). What is the highest common factor of 2367 and p?
9
Let d be 1/2*10 + 0 + -212. Let x be (-223)/(-4) - (d/12)/(-23). What is the greatest common divisor of x and 1?
1
Suppose 3*b - 5156 = 5*h, -4*b + 32*h + 6852 = 31*h. Calculate the highest common divisor of 16 and b.
16
Suppose 107*x + 10831 = 38579 + 22328. Calculate the highest common divisor of 72 and x.
36
Suppose 3*w - 2*w = -2*d - 3, -d + 1 = w. Let l be (d - 104/(-16))/(1/182). What is the highest common divisor of 130 and l?
65
Suppose 0 = 119*g - 1408 + 218. What is the highest common divisor of g and 1265?
5
Suppose 157*t - 47*t = -51*t + 269997. What is the greatest common factor of t and 130?
13
Let n be 1/6 - (-147)/(-18). Let d = n - -9. Suppose -4*f + 5*c = -d - 42, 17 = 2*f - c. Calculate the greatest common factor of f and 14.
7
Suppose 0 = p - 5*p + 84. Let d be (4/(-6))/(-4*7/84). Suppose 2*j = -5*s + 29, 2*j + 4*s = d*s + 20. What is the greatest common factor of p and j?
7
Suppose 3*a - 6*a = -2*m - 15, 2*m = 2*a - 10. Suppose -2*r = s + 4, -s - s + 2*r + 10 = m. Let u = 8 - -10. What is the greatest common factor of u and s?
2
Suppose -5*y - 62*i + 58*i = -90, 0 = 4*y - 5*i - 113. Suppose 0 = -2*p - 2*d - 0*d + 398, -5*p + d = -989. What is the highest common factor of y and p?
22
Let x be ((-61)/((-732)/48))/((-2)/(-1502)). Calculate the highest common divisor of x and 36.
4
Let w be -6*(-5 - (-152)/(-24)). Suppose 3*q - 5*m - 33 - 115 = 0, -q + 54 = 3*m. What is the highest common factor of q and w?
17
Let r = -12066 - -12246. Let z = 216 - 144. Calculate the highest common factor of z and r.
36
Let o be -1 + 0 - (-126 - 5). Suppose 3*q + 3*c - 183 = -42, -4*q + c + 193 = 0. Suppose -44*j + q*j = 208. Calculate the greatest common factor of o and j.
26
Suppose 204 + 3635 = 3*r + 5*d, 5*d = 2*r - 2601. Suppose -9*o = 37*o - r. Calculate the highest common divisor of o and 448.
28
Let x(v) = 7*v**3 - 8*v**2 + 10*v - 2. Let k = -409 + 410. Let u be x(k). Let l(a) = -8*a - 1. Let n be l(-1). What is the highest common divisor of n and u?
7
Let b be (-36)/((-42)/96 - (-4)/64). Calculate the greatest common factor of b and 160.
32
Let v = -33 - -45. Let g = 76 - v. Let n be 32/(-12)*(2 + -3)*18. What is the highest common divisor of n and g?
16
Let u be (-31)/(1 - (-3904)/(-3896)). Calculate the greatest common factor of u and 31.
31
Let w = 149 - -140. Let m = -271 + w. What is the